**2 + 178*l - 2238. Determine u(10).
242
Let i(y) = 2*y**3 + 147*y**2 - 87812*y - 2128. Determine i(176).
-16
Let v(y) = -11*y**2 + 909*y + 1422. Give v(84).
162
Let o(w) = 2*w**3 - 77*w**2 - 1328*w - 2331. Give o(-2).
1
Let j(c) = -2*c**3 - 40*c**2 - 171*c + 20. What is j(-13)?
-123
Let u(z) = 4102*z - 291248. What is u(71)?
-6
Let v(d) = 4*d**2 + 214*d + 657. Give v(-48).
-399
Let b(x) = -10*x**3 - 165*x**2 + 1832*x + 29711. What is b(-17)?
12
Let y(u) = 98*u - 769. Calculate y(8).
15
Let m(w) = 53774*w + 483959. Determine m(-9).
-7
Let w(n) = 32*n**2 + 29*n - 58. What is w(2)?
128
Let g(f) = 293*f + 53928. What is g(-183)?
309
Let a(h) = -h**3 - 171*h**2 - 332*h + 1702. Give a(-169).
688
Let n(j) = 307740*j + 233. Determine n(0).
233
Let h(w) = w**3 - 32*w**2 + 261*w - 590. Determine h(4).
6
Let w(r) = -15*r**2 - 645*r - 395. Calculate w(-44).
-1055
Let j(f) = -4*f**3 - 51*f**2 - 787*f - 9023. Give j(-12).
-11
Let o(k) = -k**2 - 9*k + 18. What is o(-7)?
32
Let q(n) = n**3 - 42*n**2 - 398*n + 16731. Determine q(42).
15
Let x(u) = -50*u**2 - 65*u + 195. Determine x(3).
-450
Let c(p) = 7*p**3 - 49*p**2 + 2*p + 47. What is c(7)?
61
Let z(f) = f**2 - 8496*f - 1384963. Determine z(-160).
-3
Let k(z) = -z**3 - 39*z**2 - 538*z - 17078. Calculate k(-37).
90
Let k(y) = -2*y**3 - 3*y**2 - 52*y + 28. Determine k(6).
-824
Let c(v) = 3*v**3 + 52*v**2 - 106*v + 438. Calculate c(-20).
-642
Let s(g) = -5*g**2 - 19*g - 1860. What is s(0)?
-1860
Let d(f) = -6*f**2 + 2363*f + 19128. Determine d(-8).
-160
Let c(i) = i**3 + 40*i**2 + 6*i + 80. Determine c(-41).
-1847
Let x(u) = -4*u**2 - 118*u - 1484. Give x(-18).
-656
Let b(f) = 2792*f - 1010687. Calculate b(362).
17
Let b(v) = 84840*v - 763606. Give b(9).
-46
Let g(l) = 3*l**3 - 35*l**2 + 31*l - 669. Give g(11).
-570
Let j(c) = 141*c**2 - 933*c + 1463. Determine j(3).
-67
Let b(z) = 2370*z + 78313. What is b(-33)?
103
Let v(l) = -2*l**2 - 1533*l + 383092. Give v(-965).
-13
Let m(q) = 63*q + 2349. Calculate m(-39).
-108
Let m(q) = 6*q**3 - 314*q**2 + 104*q - 15. What is m(52)?
-15
Let x(h) = -30547*h + 61111. Determine x(2).
17
Let y(z) = 11*z + 605. What is y(-38)?
187
Let h(w) = -5167*w + 34943. What is h(7)?
-1226
Let x(f) = 12*f - 495. Determine x(27).
-171
Let k(d) = -17*d**3 + 32*d**2 + 12*d - 1. Give k(2).
15
Let y(g) = 35*g**2 - 1143*g + 3463. Give y(3).
349
Let a(u) = 12*u**2 + 181*u + 786. What is a(-6)?
132
Let f(r) = 1372*r + 49393. Determine f(-36).
1
Let z(p) = -2*p**3 - 41*p**2 - 585*p - 1426. Determine z(-3).
14
Let z(u) = -u**3 - 51*u**2 + 2446*u + 124656. Calculate z(-52).
168
Let u(s) = -3149687*s - 9449059. Give u(-3).
2
Let a(r) = -r**3 + 260*r**2 + 241*r + 5227. What is a(261)?
7
Let a(d) = d**3 + 187*d**2 - 106*d - 16. What is a(0)?
-16
Let m(n) = -2*n**2 + 170*n + 2987. Calculate m(-15).
-13
Let x(q) = 4*q**3 - 248*q**2 - 23712*q - 59. What is x(-52)?
-59
Let s(d) = -7*d**3 - 293*d**2 + 75*d + 1352. Calculate s(-42).
-34
Let q(n) = -1850*n - 3641. Determine q(-2).
59
Let f(a) = 2*a**3 - 584*a**2 - 1188*a + 3501. Determine f(294).
-27
Let q(a) = -170*a + 9644. What is q(75)?
-3106
Let n(r) = -2*r**3 + 258*r**2 + 527*r - 410. Give n(131).
-17
Let k(u) = -u**3 + 8*u**2 + 912*u - 11040. What is k(13)?
-29
Let q(f) = f**3 + 69*f**2 + 246*f + 3014. Determine q(-66).
-154
Let a(o) = -o**3 - 33*o**2 + 112*o + 5350. Give a(-28).
-1706
Let b(f) = f**3 - 18*f**2 - 105*f + 1477. What is b(19)?
-157
Let c(k) = 2*k**3 + 371*k**2 - 940*k + 37. Calculate c(-188).
37
Let o(f) = -2*f**3 - 1200*f**2 - 1170*f + 16765. Determine o(-599).
-7
Let y(q) = -1380*q + 110288. What is y(80)?
-112
Let k(j) = -220*j - 2974. Give k(-13).
-114
Let l(w) = -5*w**3 + 4*w + 3. What is l(-2)?
35
Let x(s) = -3*s**2 + 1632*s + 29848. What is x(-18)?
-500
Let s(h) = h**3 + 166*h**2 + 176*h + 1826. Give s(-165).
11
Let j(z) = 4*z**3 - z**2 + 1465*z - 5842. What is j(4)?
258
Let h(m) = 915*m + 1157479. Calculate h(-1265).
4
Let n(c) = -138398*c - 415156. Calculate n(-3).
38
Let l(v) = 159*v - 3260. Give l(20).
-80
Let g(d) = -1227*d + 2810. Give g(3).
-871
Let g(a) = -810*a + 31482. What is g(39)?
-108
Let z(k) = 15*k**3 + 104*k**2 - 12*k - 35. Give z(-10).
-4515
Let v(n) = 4502*n + 5789570. Give v(-1286).
-2
Let b(s) = 27*s**2 + 4*s + 27. Give b(-3).
258
Let d(r) = -806*r**2 + 251469*r + 918. Give d(312).
-18
Let l(d) = 30*d**2 - 3070*d + 1027. Calculate l(102).
7
Let t(l) = -118*l**3 + l**2 - 783*l - 781. Calculate t(-1).
121
Let j(n) = 133*n**2 - 2*n + 7. Determine j(-1).
142
Let u(i) = -25*i**2 - 445*i + 1101. Calculate u(-20).
1
Let a(y) = -9*y**3 + 661*y**2 - 1536*y + 90803. What is a(73)?
-9
Let z(h) = 17257*h - 293347. What is z(17)?
22
Let p(f) = -15*f**2 + 99*f - 151. Calculate p(7).
-193
Let p(t) = 2*t**2 + 196*t - 13222. Calculate p(-142).
-726
Let l(n) = -4*n**3 - 1434*n**2 - 716*n - 191. Give l(-358).
-191
Let a(f) = 4*f**2 - 167*f + 1426. Give a(8).
346
Let f(q) = -453*q + 88712. Give f(196).
-76
Let a(i) = i**3 - 110*i**2 - 53*i - 5902. Determine a(111).
536
Let d(f) = 18*f**3 - 1245*f**2 + 2483*f - 1. Give d(2).
129
Let n(x) = -6*x**3 - 37*x**2 - 5*x - 30. Determine n(-8).
714
Let n(u) = 3794*u - 3076933. Calculate n(811).
1
Let y(w) = 2*w**2 + 1321*w - 265424. Calculate y(161).
-901
Let v(w) = -2*w**2 + 2163*w + 10854. What is v(-5)?
-11
Let b(p) = 6756*p**2 + 3891455*p - 572. Calculate b(-576).
4
Let v(s) = -4*s**2 + 312*s + 2072. Calculate v(84).
56
Let q(f) = 3*f**2 + 413*f + 10724. Give q(-103).
12
Let u(t) = -t**3 + 40048*t**2 - 1000578*t + 72. Calculate u(25).
-3
Let j(h) = h**3 + 5*h**2 + 1187*h + 10712. Determine j(-9).
-295
Let x(f) = -23*f**2 + 176*f + 21. Calculate x(7).
126
Let z(u) = -11*u + 751. Determine z(-13).
894
Let p(k) = 1423*k**2 - 2281*k - 2281. Determine p(-1).
1423
Let d(r) = 655*r - 149982. What is d(229)?
13
Let s(u) = -11*u**3 + 14*u**2 - 30*u - 311. What is s(-7)?
4358
Let u(p) = p**3 + 1094*p**2 + 19446*p + 83926. Calculate u(-1076).
-2
Let m(p) = 965*p - 73681. Determine m(76).
-341
Let d(k) = 2358*k**2 + 49584*k + 1389. Calculate d(-21).
3
Let t(j) = 10*j**2 + 282*j - 692. Give t(-30).
-152
Let l(p) = p**3 - 65*p**2 - 222*p + 63. Give l(68).
-1161
Let a(c) = -892*c + 340. Calculate a(8).
-6796
Let r(i) = 448*i**3 + 197*i**2 + 199*i. What is r(-1)?
-450
Let i(z) = 1587*z - 95179. Give i(60).
41
Let f(b) = -21381*b + 1282850. What is f(60)?
-10
Let d(j) = -591*j**2 + 14777*j - 6. Calculate d(25).
44
Let q(y) = -17*y**3 + 5*y**2 - 30*y - 30. Give q(-1).
22
Let t(l) = -l**2 + 288*l - 20706. What is t(144)?
30
Let a(p) = 53809*p + 321936. What is a(-6)?
-918
Let t(k) = -4*k**2 + 2052*k + 20617. What is t(-10)?
-303
Let j(w) = -109*w + 20823. Calculate j(190).
113
Let f(l) = 905*l**2 - 52489*l - 33. Determine f(58).
25
Let i(w) = -8*w**3 + 424*w**2 - 805*w + 78. Determine i(51).
639
Let w(y) = -y**3 + 241*y**2 + 442*y + 10690. What is w(243)?
-2
Let m(q) = -305139*q + 56755859. Give m(186).
5
Let c(u) = 11418*u + 319866. Determine c(-28).
162
Let t(l) = 974*l + 18286. What is t(-19)?
-220
Let n(i) = 4*i**3 - 533*i**2 + 3692*i - 4784. What is n(126)?
4
Let y(i) = 12975*i + 47318. Give y(-4).
-4582
Let l(y) = -944*y**2 + 791*y + 114. Give l(1).
-39
Let z(y) = y**3 + 219*y**2 + 1077*y + 1613. Calculate z(-214).
115
Let h(t) = -50*t - 3416. Give h(-76).
384
Let l(x) = 282*x - 19726. Calculate l(67).
-832
Let d(r) = -488*r**2 - 4869*r + 98. Determine d(-10).
-12
Let y(m) = m**3 + 110*m**2 + 2843*m + 985. Determine y(-69).
19
Let y(t) = 23*t + 3778. What is y(-212)?
-1098
Let z(j) = 171*j - 86220. Calculate z(504).
-36
Let f(q) = 1134*q - 144036. Give f(127).
-18
Let l(x) = 2074*x - 798464. Give l(385).
26
Let r(q) = -q**3 + 146*q**2 - 3780*q + 17. Determine r(33).
-1666
Let w(v) = 2315902*v - 9263592. What is w(4)?
16
Let r(a) = -a**2 - 443328*a + 3990028. What is r(9)?
-5
Let x(b) = 30*b**2 - 4076*b + 12221. Determine x(3).
263
Let y(f) = -406254*f + 406243. Determine y(1).
-11
Let o(h) = 9*h**2 - 112*h - 245. Determine o(16).
267
Let l(q) = 6*q - 174. Calculate l(-64).
-558
Let l(v) = -704*v - 97859. Calculate l(-139).
-3
Let h(d) = 1691*d**3 + 278*d**2 + 283*d + 7. Give h(-1).
-1689
Let j(w) = -224*w - 2292. Give j(-17).
1516
Let h(s) = 31541*s + 2460199. What is h(-78)?
1
Let x(r) =